20 and 512650?
10
Calculate the greatest common divisor of 15597472 and 16060.
3212
Calculate the greatest common divisor of 134566 and 106991.
1103
What is the greatest common divisor of 61236 and 1501479?
63
Calculate the highest common divisor of 34715224 and 408.
136
What is the greatest common factor of 387 and 208294236?
387
Calculate the greatest common factor of 16008 and 903164.
92
What is the highest common divisor of 1648493750 and 6250?
6250
Calculate the greatest common divisor of 42638772 and 11.
11
What is the highest common factor of 6496 and 2814160?
464
What is the greatest common divisor of 23349 and 165980?
43
Calculate the highest common divisor of 235 and 158285425.
235
Calculate the highest common factor of 7 and 14336147.
7
Calculate the greatest common divisor of 15386 and 934621.
157
Calculate the greatest common factor of 54914 and 8.
2
Calculate the highest common divisor of 79002 and 36575.
1463
Calculate the greatest common divisor of 33385108 and 1884.
628
What is the highest common factor of 793686854 and 23596?
11798
What is the highest common divisor of 505483984 and 3281?
3281
Calculate the greatest common factor of 21212 and 19004.
4
Calculate the highest common factor of 1403360 and 725666.
358
What is the highest common divisor of 149866652 and 8808?
1468
What is the highest common divisor of 11401 and 13182?
13
What is the greatest common divisor of 48 and 1542701904?
48
What is the greatest common factor of 2 and 88360918?
2
What is the highest common factor of 165390630 and 152?
38
What is the highest common divisor of 4050852 and 93288?
3588
What is the greatest common divisor of 10622 and 3738718?
226
Calculate the highest common factor of 497 and 387191.
7
What is the greatest common divisor of 7816074 and 2373?
21
What is the highest common factor of 269882708 and 772?
772
Calculate the greatest common divisor of 1911056 and 168.
56
What is the greatest common factor of 71173 and 231029?
103
Calculate the greatest common divisor of 348 and 12795351.
87
Calculate the highest common divisor of 25887 and 348.
3
Calculate the highest common divisor of 189 and 1786631.
7
What is the greatest common factor of 3773700 and 7770?
210
What is the highest common divisor of 634 and 17254?
2
Calculate the highest common divisor of 183113 and 1212638.
259
Calculate the greatest common factor of 4511 and 228486661.
4511
What is the highest common factor of 108569 and 197006?
719
What is the greatest common factor of 8 and 189526452?
4
Calculate the highest common factor of 322092 and 33741.
207
Calculate the highest common factor of 2925 and 779064.
39
Calculate the greatest common factor of 50314155 and 30.
15
What is the greatest common factor of 106126 and 17042255?
1129
What is the greatest common factor of 21707 and 38661?
49
Calculate the highest common divisor of 4096950945 and 15.
15
What is the greatest common divisor of 164331 and 150?
3
Calculate the greatest common factor of 2703 and 42660123.
51
What is the highest common divisor of 95742858 and 730?
146
Calculate the greatest common factor of 60893235 and 1690.
845
What is the highest common factor of 16663 and 9837309?
877
Calculate the greatest common divisor of 80 and 80301260.
20
Calculate the greatest common factor of 3268 and 21439714.
1634
Calculate the highest common divisor of 33026157 and 3132.
783
What is the highest common factor of 105 and 258004980?
15
What is the greatest common divisor of 156200 and 7785800?
2200
Calculate the greatest common factor of 10744 and 1527544.
632
What is the highest common divisor of 2344146 and 11130?
42
What is the highest common factor of 18038596 and 412?
412
What is the greatest common factor of 7 and 3096233?
7
Calculate the greatest common factor of 889 and 53460904.
889
Calculate the greatest common factor of 12198032 and 693.
77
What is the highest common factor of 11466 and 7494305?
637
Calculate the greatest common divisor of 432403 and 281657.
3967
Calculate the greatest common divisor of 4641 and 525057.
39
What is the highest common divisor of 4 and 4974280?
4
What is the highest common divisor of 4868247 and 6?
3
What is the greatest common factor of 12836 and 17804?
4
What is the highest common factor of 15263280 and 2610?
2610
Calculate the greatest common factor of 11868 and 6534323.
989
What is the highest common factor of 2675 and 1465?
5
What is the highest common factor of 4323780 and 3876?
204
What is the greatest common divisor of 123762 and 96?
6
What is the greatest common divisor of 17379234 and 6228?
3114
What is the highest common divisor of 20170 and 204430?
10
Calculate the highest common factor of 5616 and 8682048.
144
Calculate the highest common divisor of 5475 and 910673175.
5475
Calculate the highest common factor of 501059553 and 411.
411
What is the highest common factor of 388 and 41012?
4
What is the greatest common divisor of 1461325 and 18000?
25
Calculate the greatest common factor of 24131439 and 828.
207
Calculate the highest common divisor of 86 and 54068974.
86
What is the greatest common divisor of 5361120 and 1533?
219
What is the highest common factor of 1817033 and 999?
37
Calculate the highest common divisor of 1004016 and 1200.
48
Calculate the greatest common divisor of 1178 and 80038621.
589
Calculate the highest common divisor of 106 and 35441418.
106
What is the greatest common factor of 27180 and 1012898940?
9060
Calculate the greatest common divisor of 1435650 and 189720.
510
What is the greatest common divisor of 77 and 4626391?
77
Calculate the highest common factor of 1224 and 595835856.
1224
What is the highest common factor of 23964850 and 1400?
350
Calculate the highest common divisor of 8343 and 119537577.
927
What is the greatest common divisor of 9932 and 767026?
26
What is the greatest common factor of 344430 and 450162?
1602
What is the highest common factor of 104 and 28125448?
104
What is the greatest common factor of 5320218 and 9?
3
What is the greatest common divisor of 93205 and 14910?
35
Calculate the highest common factor of 118 and 44814158.
118
Calculate the greatest common divisor of 423835 and 12548735.
5365
What is the greatest common factor of 462233 and 35108?
67
Calculate the highest common divisor of 62 and 4172011.
31
What is the highest common factor of 629990 and 1460?
730
What is the highest common divisor of 45650 and 31130?
110
What is the highest common divisor of 1106110944 and 96?
96
What is the highest common divisor of 586395 and 12035?
415
What is the highest common divisor of 86866 and 120991?
13
What is the highest common factor of 94039 and 141625?
1133
What is the greatest common factor of 71856 and 21904?
16
Calculate the highest common divisor of 1520 and 23858680.
760
What is the greatest common divisor of 6073834 and 28834?
26
Calculate the greatest common divisor of 2310 and 3595746.
462
Calculate the greatest common factor of 7964046 and 198.
18
What is the greatest common factor of 258 and 1842034?
86
Calculate the highest common factor of 59160 and 11894640.
3480
What is the greatest common factor of 127419510 and 570?
570
Calculate the greatest common divisor of 375 and 3444625.
125
What is the greatest common divisor of 1252451035 and 605?
605
Calculate the highest common divisor of 655 and 119328.
1
Calculate the highest common factor of 297013 and 53177.
1297
Calculate the highest common factor of 687960 and 1188005.
3185
What is the greatest common factor of 206 and 260803313?
103
What is the greatest common factor of 1329494745 and 15?
15
What is the greatest common divisor of 38310348 and 9?
3
Calculate the highest common divisor of 10371911 and 132.
11
Calculate the greatest common factor of 1375329 and 1179948.
3831
Calculate the highest common factor of 325 and 8127067.
13
What is the greatest common divisor of 7544 and 49897902?
1886
Calculate the highest common factor of 378435 and 115.
5
What is the highest common divisor of 4477 and 686554?
121
Calculate the highest common divisor of 147998913 and 1486.
743
Calculate the highest common divisor of 266 and 12572357.
133
What is the highest common factor of 34658 and 537602?
806
Calculate the greatest common divisor of 45372 and 24